(-3)/(-2)*8/6. What is the remainder when 34 is divided by (u - (-6)/(-9))*9?
10
Suppose 2*y + 4*t + 134 = 2*t, 104 = -2*y + 4*t. Let s = -41 - y. Calculate the remainder when 61 is divided by s.
19
Let i = -1 - -3. Let h = 3 - i. Suppose -y = -3 - h. Calculate the remainder when y is divided by 3.
1
Calculate the remainder when (-6)/(-9) + (-392)/(-6) is divided by (65 - -4)*6/18.
20
Let z = 62 - 87. Let t = z - -55. What is the remainder when t is divided by -2 + 1/(1/18)?
14
Let g(i) = 9*i**2 - i + 4. What is the remainder when g(-3) is divided by 30?
28
Let c = -20 + 52. What is the remainder when c is divided by 6?
2
Let z = 20 + -8. Calculate the remainder when z is divided by 5.
2
Suppose u + 2*r = 9, 3*u - r = 9 + 18. Let m = -29 + 2. Let d = m - -44. Calculate the remainder when d is divided by u.
8
Suppose 9*k - 78 - 57 = 0. Calculate the remainder when 44 is divided by k.
14
Suppose -x + 3*x - 34 = 0. Let c = 4 + 2. Calculate the remainder when x is divided by c.
5
Suppose 0 = d - 4*o - 54 - 15, -4*o = 16. What is the remainder when d is divided by 7?
4
Let w = 24 - 13. What is the remainder when 64 is divided by w?
9
Suppose -5*g - 23 = 3*v, -13 = v + g + 2*g. Let k = v - -1. Suppose 10 - 2 = y + 2*a, -3*y - a + 34 = k. Calculate the remainder when 22 is divided by y.
10
Suppose -2*b + 0 + 6 = 0. Let p = 5 - b. Suppose l + c - 7 = 0, -2*l - 2*c + 23 = 3*c. What is the remainder when l is divided by p?
0
What is the remainder when 29 is divided by ((-3)/(-3))/(1/10)?
9
Let l(k) = 3*k + 26. Calculate the remainder when l(0) is divided by 15.
11
Suppose 0 = 4*o - 4 - 12. Let l(z) = -6*z. Calculate the remainder when (o/(-5))/(2/(-25)) is divided by l(-1).
4
Let q(k) = -8*k - 67. What is the remainder when 61 is divided by q(-11)?
19
Suppose 2*i = 3*m + 79 + 132, 3 = -3*i. Let w = -45 - m. Calculate the remainder when w is divided by 2*(1 - 14/(-4)).
8
What is the remainder when 40 is divided by 2/(-1)*(-11)/2?
7
What is the remainder when 42 is divided by (-11)/2*((-13 - -8) + 3)?
9
Suppose 3*n - 7 = 8. What is the remainder when (1/3)/(13/312) is divided by n?
3
Let x(k) = k**2 + k - 6. Calculate the remainder when 27 is divided by x(-4).
3
Let t(k) = -k**2 + 18*k. Calculate the remainder when 26 is divided by t(17).
9
Suppose 0 = 2*z - 3 - 3. Suppose 3*i = -4*x + 72, 3*i + 44 = 4*x - i. Suppose -x = z*y, 30 = 2*f - f + y. Calculate the remainder when f is divided by 12.
11
Let v(u) = -3*u - 9. Let k(d) = -d**3 - 5*d**2 - 3*d + 3. Let t be k(-3). Calculate the remainder when 17 is divided by v(t).
8
Let m = 99 - 81. What is the remainder when 33 is divided by m?
15
Suppose d = -d - 4*i + 12, -5*i = -d + 6. Let z = 7 - 2. Suppose -5*v = -z*p + 65, -8*v = 5*p - 3*v - 105. What is the remainder when p is divided by d?
5
Let x(b) = b**2 - 20*b + 16. What is the remainder when 93 is divided by x(20)?
13
Let t = 5 + 7. Let g be (17/(-2))/((-5)/(-10)). Let z = 51 + g. Calculate the remainder when z is divided by t.
10
Suppose -85 = -5*u + 225. Calculate the remainder when u is divided by 21.
20
Let f be 1686/(-24) - 2/(-8). Let b = f + 104. What is the remainder when b is divided by 9?
7
Let o be 1 + -1 + 2 - 14. Let k be (14/3)/((-2)/o). Suppose n - 3*n = -k. Calculate the remainder when 41 is divided by n.
13
Suppose -64 = -5*o + 3*o. Let n(g) = -g - 1. Let s be n(-5). Calculate the remainder when o is divided by 100/6 + s/12.
15
Suppose 40 = -3*w + 4*w. What is the remainder when w is divided by 14?
12
Let r be -3*(0 - (0 - -1)). Suppose -r*k = -0*k. Let v(b) = b + 10. Calculate the remainder when v(k) is divided by 6.
4
Let o(r) = r - 5. Let h(u) = 3*u - 23. Let f be h(10). What is the remainder when 3 is divided by o(f)?
1
Suppose -l + 31 = t, 3*l = -0*l - 9. Let u be 2 - (3 + -1) - -10. Suppose -v + u + 2 = 0. Calculate the remainder when t is divided by v.
10
Suppose 0 = -4*b + 2*h + 26, b - h - 4 = 5. Let d = 62 + -44. What is the remainder when 1/(-6) - (-201)/d is divided by b?
3
Calculate the remainder when (-6)/(-4 - 148/(-40)) is divided by 12.
8
Let p(r) = 13*r**2 + 1. Suppose 7 = 5*b - 8, 2*a - 2*b = 68. Suppose -w = 5*o - a, 2*w - 28 = -5*o - 2*w. What is the remainder when p(-1) is divided by o?
6
Let s(k) = k - 6. Let y be s(9). What is the remainder when 16 is divided by (6/7)/(y/21)?
4
Suppose 2*q - 1 = 1. Let l = q + 4. Suppose -l*n = t - 35, 3*t + n = -0*t + 105. Calculate the remainder when t is divided by 12.
11
What is the remainder when 42 is divided by 16/(-72) - (-110)/9?
6
Suppose 5 = 2*l - 25. Let r = l - 7. What is the remainder when 29 is divided by r?
5
Let v = 327 - 204. Suppose 5*s - 646 = b, 5*b + 515 = 3*s + v. Calculate the remainder when s is divided by 33.
30
Suppose 1 - 25 = -4*k. Calculate the remainder when 0 + -24*(-4)/k is divided by 6.
4
Let t(m) = m**2 + 6*m + 3. Let n be t(-6). Suppose 3*v + 4*d + 0*d + 2 = 0, d = -n*v + 4. Suppose 0*p - 4*p = -12. What is the remainder when p is divided by v?
1
Let g be (-2)/6 + 610/(-15). Let j be ((-171)/6)/((-1)/(-2)). Let c = g - j. What is the remainder when 46 is divided by c?
14
Let w(f) = f**2 + 18*f + 4. Let c = -19 + 34. What is the remainder when c is divided by w(-18)?
3
Suppose -4*r - 16 = -168. What is the remainder when r is divided by 8?
6
Suppose -10 = -5*n, -g + 1 = 5*n - 25. What is the remainder when g is divided by 6?
4
Suppose 0*r = -2*r + 8. Let l(s) = s**3 - 4*s**2 + s + 2. Suppose 2*i = 2 + 6. What is the remainder when l(i) is divided by r?
2
Let j = -163 - -187. What is the remainder when j is divided by 13?
11
Let w(h) = -h**3 - 14*h**2 - h + 20. What is the remainder when 166 is divided by w(-14)?
30
Suppose 4*h - 80 = 2*y - 6*y, 2*y = 2*h + 60. Calculate the remainder when 96 is divided by y.
21
Suppose 2*p = -0*p + 4*o + 172, 5*o - 5 = 0. Calculate the remainder when p is divided by 15.
13
Suppose 3*x - g + 13 = 0, 5*g = 14 + 6. Let s be (-22)/4*(-1 - x). Let l = 37 + s. What is the remainder when l is divided by 9?
8
Let v = -100 - -227. What is the remainder when v is divided by 65?
62
Let h(s) be the first derivative of s**3/3 + 5*s**2/2 + 3*s + 9. Let v(c) = -c**3 + 6*c**2 + 5. What is the remainder when h(-6) is divided by v(6)?
4
Suppose 27 = 4*n + 5*y, 0*y + 11 = 2*n + 5*y. Calculate the remainder when 31 is divided by n.
7
Let f = 7 + -3. Suppose f*l = -3*s + 92, -2*s - 72 = -5*l + l. Suppose -2*a + 6*a - l = 0. What is the remainder when a is divided by 2?
1
Suppose -4*u - 310 = -9*u. Suppose -23 + 3 = -5*g. Suppose 105 = l + g*l. What is the remainder when u is divided by l?
20
Let x = 43 + -35. Calculate the remainder when 55 is divided by x.
7
Suppose 2*c = -c + 75. Let y = c + -12. Calculate the remainder when 37 is divided by y.
11
Suppose 2*w + 141 = -5*h, 3*w = -0*h + 3*h - 201. Let x = w + 109. Calculate the remainder when x is divided by 14.
13
Let z(p) = p**2 + 4*p + 3. Let l be z(-3). Suppose 5*y - 3*d + 17 = l, 4*d - d = 12. What is the remainder when 50 is divided by ((-34)/(-6))/(y/(-3))?
16
Let p = 206 - 143. Calculate the remainder when p is divided by 13.
11
Let f(y) = 0*y**2 - y - 3 - 3*y + 5*y + y**3 + 3*y**2. Let b be f(-4). Let v = 55 + b. Calculate the remainder when v is divided by 11.
10
Suppose -19*p + 16*p = -192. Calculate the remainder when p is divided by 34.
30
Calculate the remainder when (0 - -1)/(1/78) is divided by 20.
18
Let n be 27/((-2)/4 + 1). Suppose -3*h + 21 = -5*f + n, -5*f = 2*h - 28. Suppose -60 = -f*o + 3*o. Calculate the remainder when o is divided by 11.
9
Let i(x) = -x**2 - 5*x + 1. Let t be i(-5). Suppose t = -3*j + 7. What is the remainder when 5 is divided by j?
1
Let n(y) = y**2 + 5*y - 11. Calculate the remainder when n(-8) is divided by 4.
1
Let r be 3 - ((-144)/2)/3. Suppose 6*y - r = 3*y. Suppose 0 = 2*a + 2*s - 60, 4*a + 2*s = s + 108. What is the remainder when a is divided by y?
8
Suppose d - y = -1, -3*d + y + 1 = -6. Suppose 3*j + 4 = -4*p + 42, -30 = -d*j + 5*p. What is the remainder when j is divided by 2/(-7) - (-46)/14?
1
Let m(s) = 4*s**2 + 23*s + 3. What is the remainder when 258 is divided by m(-6)?
6
Suppose 0*i = i - 7. Calculate the remainder when 27 is divided by i.
6
Let d(q) = 4*q - 2. What is the remainder when d(7) is divided by 7?
5
Suppos